*t + 9 - 40 - 17. What is the remainder when k(14) is divided by 22?
20
Let a be (-2 + 4)/(-2*(-3)/42). Suppose a*s - 15*s + 1489 = 0. Suppose -12 = -4*i, i - s = -5*y - 541. Calculate the remainder when y is divided by 24.
21
Let z = 6 - 2. Suppose 0*y = 5*y - z*y. Suppose -5*v + g + 541 = y, v + 5*g - 64 - 65 = 0. What is the remainder when v is divided by 37?
35
Suppose -79265 = -23*s - 60*s. Calculate the remainder when s is divided by 134.
17
Suppose -4*w - 8 = 0, 5*z = 5*w + 764 + 26. Let v = z - 134. What is the remainder when 1*(128 - (-3 + 0)) is divided by v?
21
Let t = -31129 - -49827. What is the remainder when t is divided by 44?
42
Suppose -4*h + 2*u + 2*u = -216, 3*u + 62 = h. What is the remainder when h is divided by (196/(-21))/((-5)/15)?
22
Let f = 2983 - 2974. What is the remainder when 4084 is divided by f?
7
Let p(m) = -m**2 - 75*m - 1339. Calculate the remainder when 240 is divided by p(-35).
57
Let q = -11785 + 11830. Calculate the remainder when 179 is divided by q.
44
Let a(g) = -g**2 + 7*g + 1. Let m be a(-5). Let t = m + 84. Calculate the remainder when 14 + 11 + 30 + 18 is divided by t.
23
Let z(y) = 10*y**2 + y - 15. Let g be z(-5). Let i = g + -213. What is the remainder when 132 is divided by i?
13
Calculate the remainder when 1186 is divided by (-1 - 10/(-7)) + (-73584)/(-1176).
52
Let i(n) = -n**3 + 10*n**2 - 19*n - 11. Let v be i(7). Suppose -v*o = -4*o. Suppose 7*d - 2*d - 80 = o. Calculate the remainder when d is divided by 5.
1
Let m = 237 + -201. Suppose s = -4*d + 39, 3*d = -2*s + 7*s - 126. What is the remainder when m is divided by s?
9
Let o(t) = -t**2 - 60*t - 511. Calculate the remainder when 7258 is divided by o(-17).
218
Suppose 5*j = -3*l + 275, 48*l + 73 = j + 45*l. Let m = 403 - 232. Calculate the remainder when m is divided by j.
55
Let i(a) = -38*a**2 + 3*a**3 - a + 2 + 4 + 35*a**2. Calculate the remainder when 109 is divided by i(2).
13
Suppose 0 = 4*t + 3*k - 446, 2*t + 3*k - 147 = 79. Suppose -16*a + t = -11*a. Calculate the remainder when a is divided by (-16)/((-6)/3) - 2.
4
Let m(k) = k**3 + 51*k**2 - 50*k + 114. What is the remainder when 1346 is divided by m(-52)?
6
Let k(w) = 6*w + 1. Let r(m) = 98*m - 4. Let j(d) = -12*k(d) + r(d). What is the remainder when j(5) is divided by 33?
15
Let v(z) = -6*z - 36. Let p = 47 - 43. Suppose 0 = -4*h + 4*o - 12, 0*o + o - 27 = p*h. What is the remainder when 46 is divided by v(h)?
10
Let k(t) = 11*t**2 + 77*t - 75. What is the remainder when 151 is divided by k(-8)?
8
Let z = 13903 + -13591. What is the remainder when 992 is divided by z?
56
Suppose -x + 23 + 47 = 0. What is the remainder when 2869 is divided by x?
69
Let u = -1917 - -3120. Calculate the remainder when u is divided by 121.
114
Let k = -17 + 21. Let o(t) = -6*t - 26. Let c be o(k). Let j = c - -69. What is the remainder when 34 is divided by j?
15
Let j(l) = -l**2 + 37*l + 121. Calculate the remainder when j(39) is divided by 28.
15
Suppose 5*k - k - 1 = -t, -4*k = 24. Let g(y) = y**3 - 7*y**2 - 11*y - 2. What is the remainder when g(9) is divided by t?
11
Let w(c) = -3*c - 3. Suppose 8*p - 3*p - 4*x + 22 = 0, 3*x = 9. Suppose 4*a - 5*h = 38, 4*h - 3*h = -a + 5. Calculate the remainder when a is divided by w(p).
1
Suppose 3*d + 686 = -2*h - 324, 3*h + 1505 = -2*d. Let x = h - -588. What is the remainder when x is divided by 7?
5
Suppose -21*h = 4*h - 450. Calculate the remainder when 12 is divided by (-2516)/(-306) + (-4)/h.
4
Let r be (-7160)/(-14) + -6 - 16/(-28). Let n = r + -378. What is the remainder when n is divided by 26?
24
Suppose 33*u - 3*y = 30*u + 4683, 4667 = 3*u + y. What is the remainder when u is divided by 34?
27
Suppose -3*r + 215 = 4*b, -3*r - 44 + 200 = 3*b. Suppose 204 = 4*d - 252. What is the remainder when d is divided by b?
55
Let z(l) = l**3 - 4*l**2 - 3*l - 6. Suppose -13*i - 9360 = -1846. Let a = 592 + i. What is the remainder when a is divided by z(5)?
2
Let k = -44 + 59. Let y be 0 + 25/k*3. Suppose 5*n - 35 = -y*t, -5*n + 2*t = -3*t - 55. What is the remainder when 25 is divided by n?
7
Suppose 2*w + 11 = 3*d, 0 = -7*w + 2*w + 4*d - 10. Calculate the remainder when 93 is divided by (76/(-24))/(w/(-12)).
17
Let d(c) = 10*c**3 - 4*c + 4. Let k be d(2). What is the remainder when 132/5*(0 + 5) is divided by (-8)/k - 1296/(-38)?
30
Let g(u) = -u**3 - u**2 + u + 2. Let h be g(0). Suppose 12*o = 16*o + h*m - 110, 12 = 4*m. Calculate the remainder when 95 is divided by o.
17
Suppose 0 = -13*j + 48 + 198 + 1314. Calculate the remainder when j is divided by 15.
0
Let j = 2620 - 2546. Calculate the remainder when j is divided by 1.
0
Suppose 0 = -5*q + 10*q - 140. Let n = q + -10. Suppose s = 2 + n. What is the remainder when 66 is divided by s?
6
Suppose 3*i - 103 = 275. Let m be ((-59004)/110)/(3/(-10)). What is the remainder when i is divided by m/1043*(25/3 + 1)?
14
Let b be 2 + 18 + 1 + -1. Suppose b = -0*h + 2*h. Calculate the remainder when h is divided by (50/225*3)/((-7)/9 - -1).
1
Let x = -53 + 55. Suppose -x*z + 33 = -13*l + 18*l, -5*z + l + 96 = 0. Calculate the remainder when 75 is divided by z.
18
Let q(n) = -2*n**3 + n**2 + 13*n + 32. Calculate the remainder when q(-6) is divided by 25.
22
Let u(o) = 2*o + 78. Let a be u(-38). What is the remainder when (a + ((-60)/35 - 4))*-7 is divided by 8?
2
Let d be (12 + 1306)*6/12. Suppose -5*i = 2*j - d, -4*i + 407 = -5*j - 107. What is the remainder when i is divided by 35?
26
Suppose -2*c - 10 = 0, -3*c + 5 - 20 = -4*h. Suppose h = 26*n - 21*n - 70. What is the remainder when n is divided by 6 + (2 - 0/(-4))?
6
Let s = 3796 - 3338. Calculate the remainder when s is divided by 151.
5
Suppose 5 - 131 = -18*t. Suppose -x = 2*z - 54, -3*z - 108 = -t*z - 4*x. What is the remainder when z is divided by 6?
3
What is the remainder when 642 is divided by (42 - 47) + (135 - (-1 + -1))?
114
Suppose 2*h = d - 587, 849 + 328 = -4*h + 5*d. Let r = 380 + h. Calculate the remainder when r is divided by 8.
7
Let n(j) be the second derivative of 5*j**4/12 + 16*j**3/3 + 50*j**2 - 99*j. Calculate the remainder when 97 is divided by n(-3).
48
Suppose -6*m = -365 - 649. Suppose -3*g = 15, -4*h + 22*g + m = 25*g. Calculate the remainder when 272 is divided by h.
42
Suppose -338*w - 76 = -342*w. Suppose w = -105*r + 106*r. What is the remainder when 30 is divided by r?
11
Suppose 54779 = 30*t - 34741. Suppose t = 20*v - 176. What is the remainder when v is divided by 27?
23
Suppose -6*b + 414 = 234. Let y(d) = 2*d**2 + 4*d - 3. Calculate the remainder when b is divided by y(-4).
4
Let u = -25539 + 27728. Calculate the remainder when u is divided by 16.
13
Suppose 868 = 26*y - 7816. Let v(g) = -g + 71. Calculate the remainder when y is divided by v(-14).
79
Let z be ((-292)/(-365))/((-2)/(-10)). Suppose -281 - 7 = -z*g. What is the remainder when 282 is divided by g?
66
Suppose 712*u + 4536 = 726*u. Let r = u + -300. Calculate the remainder when r is divided by 7.
3
Let m = -5230 + 5269. What is the remainder when 1087 is divided by m?
34
Let l(t) = -122*t + 1802. Calculate the remainder when l(7) is divided by 50.
48
Let o be 2/(6/(-36)*-3). Suppose 0 = o*p, 6*j + 4*p - 455 = j. What is the remainder when j is divided by 23?
22
Let y(f) = -f**2 + 2*f + 13. Let w be y(-5). Let x(r) = -r**3 - 22*r**2 - r - 1. Calculate the remainder when 102 is divided by x(w).
18
Let w be (-424)/40 - 6/15. Let o = w - -5. What is the remainder when (-22)/(32/o + 5) is divided by 17?
15
Suppose 20424 = 219*j - 22500. Calculate the remainder when j is divided by 37.
11
Suppose 3*u - n = -0*n + 5, n - 9 = -4*u. Suppose u + 89 = 7*m. Suppose 47 = 4*r - 45. Calculate the remainder when r is divided by m.
10
Let f = 76 - -152. Calculate the remainder when f is divided by (15 - -54)/((-6)/(-4)).
44
Calculate the remainder when (8631/(-630))/(1/(-10)) is divided by 70.
67
Calculate the remainder when -5 - (-2 + -1 + -6 + -433) is divided by 207.
23
Calculate the remainder when (12/7)/(-3) + (52956/63 - 3) is divided by 15.
12
Let p(b) = -7*b**3 - 15*b**2 + 93*b - 1. Let d(q) = -4*q**3 - 7*q**2 + 47*q. Let m(x) = 5*d(x) - 3*p(x). Calculate the remainder when 404 is divided by m(-13).
64
Let a = -1154 - -1158. What is the remainder when -6 - -26 